- -25. Determine v(x).
21
Let h(l) = -l**3 - 14*l**2 + 15*l - 10. Let m(n) = -n**3 - 3*n**2 + 3*n - 6. Let b be m(-3). Give h(b).
-10
Let o(l) = -11 + 6*l + 5 - 4*l - 3*l. Let k be o(-8). Let s(c) = -3 - k*c**2 + 4 + c - 2*c + 7*c**2. Give s(1).
5
Let v(s) = -2 - 37*s - 5 - 2 + 35*s + 16. Calculate v(-3).
13
Suppose w = -a - 1, -6*a = -a + w - 7. Let o(z) = -4 - a*z**2 + 5*z**2 + 10 + 4*z**2 - z**3 - 6*z. Give o(6).
6
Let x(s) = 3*s**2 + 6*s + 6. Let w(v) = v**2 + v + 1. Let g(b) = 2*w(b) - x(b). Suppose n - 1 + 6 = 0. What is g(n)?
-9
Let l be -1*((-8)/(-10))/(18/(-225)). Suppose -7 = -b - l. Let p(y) = -2. Let r(d) = d - 1. Let w(u) = -p(u) + 2*r(u). What is w(b)?
-6
Let x(o) be the second derivative of o**7/2520 - o**6/240 + o**5/120 - 4*o**4/3 - 11*o. Let u(p) be the third derivative of x(p). Calculate u(3).
1
Suppose -s = -5*l + 1, 0 = 3*l - l. Suppose -12*f - 3 = -13*f. Let c(n) = 2*n + 131 + 2*n**3 - 130 + 3*n**3 - 2*n**f. Calculate c(s).
-4
Let y(l) = -l**2 + l + 3. Let w(p) = -3*p**3 - 2*p**2 - 2. Let v be (1/(-3))/((-2)/(-12)). Let t be w(v). Suppose -4*x + 2 = -t. Determine y(x).
-9
Let u(m) = m**3 + 7*m**2 + 6*m. Let n(k) = -k**3 - 6*k**2 - 4*k + 10. Let o be n(-4). Determine u(o).
0
Suppose 2*w = -3*w - 5. Let v(r) = 8*r**2 - 1. Let i be v(w). Let c(n) = n**3 - 7*n**2 + 6. Let q be c(i). Let h(x) = -x**2 + 6*x + 1. Give h(q).
1
Let r = -10 - -4. Let c(p) = -8 + 14*p - 9*p + 3 + p**2 + 2. Give c(r).
3
Let h(y) = 8*y**2 + 25*y + 4. Let j be h(-6). Let a(b) = -78*b + 1 - 76*b + j*b. Give a(1).
-11
Let o(d) be the second derivative of d**5/10 + d**4/4 - d**3/2 - 3*d**2/2 - 557*d. Give o(-3).
-21
Let y(b) = -11*b**2 - b + 3. Let v be y(1). Let k(g) = -g**3 - 8*g**2 + 8*g - 9. What is k(v)?
0
Suppose 15*s - 1 = -1. Let x(k) = k - 2*k + s*k + 227 - 232. What is x(-4)?
-1
Let h(c) = 17*c - 36. Let v be h(3). Suppose v = -p - 3*p + 3*i, -3*p - 5*i = 4. Let j(z) be the third derivative of z**4/24 + z**3/3 + z**2. What is j(p)?
-1
Let s be (-360)/48*24/(-30). Let n(o) = -o**3 + 6*o**2 + 3*o - 12. Give n(s).
6
Let l(t) be the third derivative of 1/6*t**4 + 0*t - 2/3*t**3 + 21*t**2 + 1/60*t**5 + 0. Determine l(-4).
-4
Let l(i) = -i + 0*i**3 + i**3 + 5*i - 2*i**2. Let t(k) = 34*k + 445. Let j be t(-13). Give l(j).
21
Suppose -3*l = -17 - 49. Let f = l + -19. Suppose p = -p + 3*u + 3, 0 = -3*p - f*u - 33. Let i(o) = -o**3 - 6*o**2 + o + 2. Determine i(p).
-4
Let q(w) = -w**3 - w + 10. Let o(l) = -l**2 - 1. Let c(s) = -5*o(s) - q(s). Let f = 85 + -73. Suppose -12 = -m - 4*h, 2*m + 5*h - f = -0*h. Calculate c(m).
7
Let s(g) = 2*g - 3 - g**2 + 2*g**2 + 5*g. Let k be (62 - 66)*3/2. Calculate s(k).
-9
Let y be 4/(-20) + 174/(-30). Let p(d) = -d - 1. Let g(m) = -m**2 - 9*m - 6. Let h(a) = -g(a) + 2*p(a). Determine h(y).
-2
Let i(c) = -c**3 + 6*c**2 - 4*c + 9. Let u = 1515 - 1509. What is i(u)?
-15
Let p(f) = -1 - 2*f**3 + 7 + f**3 - 6*f**2. Suppose 85 = 5*v + 4*k, 75 = 6*v - v + 2*k. Let g = v + -19. Give p(g).
6
Let z(i) be the first derivative of -3/2*i**2 - i**3 - 1/4*i**4 - 45 - 3*i. What is z(-2)?
-1
Let w(h) = 3*h**3 - 2*h - 1. Let z be 2/1*7/(-2). Suppose 3*y = -14 - 10. Let k = y - z. Give w(k).
-2
Let m = -172 + 178. Let w(u) = u**2 - 4*u + 3. Give w(m).
15
Let o(k) = k**2 + 6*k + 2. Let b be o(-6). Let x(v) be the third derivative of 0*v**5 + 0*v**3 + 0 + 7*v**2 + 0*v - 1/24*v**4 + 1/120*v**6. Give x(b).
6
Let o be 23 + -2 + 3/(-2 - 1). Suppose -10*b + o = -14*b. Let i(s) = -s**3 - 6*s**2 - 5*s + 6. What is i(b)?
6
Let t(v) = -2*v - 6. Let l be 2/7 + 370/(-70). Let c be t(l). Let k be 38/14 - c/(-14). Let p(f) = -f**2 + 5*f - 4. Calculate p(k).
2
Suppose 3 + 9 = -3*a, -2*h - 4*a + 14 = 0. Suppose g + 5 - 2 = i, 5*g + h = -5*i. Let q(d) = d + 2. What is q(g)?
-1
Let f(c) = -4*c**3 + 4*c + 1 + 5*c**3 + 2 - 6*c**2. Let a(g) = 1 - 4*g + 18*g**2 - g**3 - 12*g**2 - 5. Let w(d) = 4*a(d) + 3*f(d). Determine w(5).
-2
Let f(y) be the third derivative of y**6/120 + 13*y**5/60 + y**4/24 + 3*y**3/2 - 112*y**2. Determine f(-13).
-4
Let n(o) be the second derivative of -11*o**4/12 + o**3/6 + o. Suppose 1723*k - 1731*k = -8. What is n(k)?
-10
Let c(d) be the first derivative of d - 4 + 1/2*d**2. Let a be (-30)/(-25)*(-20)/(-6). Determine c(a).
5
Let t(o) = -o - 1. Let z be (-4)/(-7) - (-72)/(-126). What is t(z)?
-1
Let t(w) = -w**3 + w**2 - 3*w + 2. Suppose 34*b - 66 = b. Give t(b).
-8
Suppose -4*l = 4*x + 9 - 1, 0 = -3*l - 6. Let c(q) = 3*q**3 + x*q**3 + 2*q**2 - q**3 - 1 - q**3. Determine c(1).
2
Let f(w) = 2*w**3 + 3*w**2 - 4*w + 3. Let k be f(2). Suppose -4*p - 3*t + k = -0*t, -p - 18 = -4*t. Let s(a) = 2*a**3 - 2*a**2 + a + 1. Determine s(p).
11
Let l(w) be the second derivative of w**5/20 + 7*w**4/12 + 4*w**3/3 + 4*w**2 - w. Let d = 793 + -799. Determine l(d).
-4
Let z(y) = -5*y. Suppose 7*q = 2*q. Suppose q = -5*v + 20 - 5. Calculate z(v).
-15
Let o(g) be the first derivative of g**4/4 - 10*g**3/3 + 4*g**2 + 6*g + 14. Give o(9).
-3
Suppose 3*h + 0*h = 3, 0 = 3*a - 5*h - 58. Let s = -17 + a. Let y(j) = -5*j**3 + 4*j**2 - 2*j + 3 - s - j**3 + 5*j**3. Give y(3).
2
Let i(n) = -n**3 - 8*n**2 - 8*n - 3. Let r be i(-7). Let l(y) = 2*y - r*y + 3*y + y - 3. Let v be 56/12*6/7. Calculate l(v).
5
Suppose -k - 2 = -7, 3*g - 8 = -k. Let u(m) = 4*m - 3 - g - 5 + 3. Let x(b) = -5*b**3 - 2*b**2 + 1. Let y be x(-1). Determine u(y).
10
Let l(n) = n**3 + 2*n**2 - 2*n - 2. Let y = -2 - -8. Let f = -25 + 27. Suppose f*m + 10 - y = 0. What is l(m)?
2
Suppose -2*g - 5*w + 34 = 0, -3*g - 68 = -7*g - w. Let v(z) = 12 - 2*z - 20*z**2 + 0*z + g - 30. Calculate v(-1).
-19
Let s(f) = f**3. Suppose 0 = 3*n - 8*n + 25. Suppose -o = -0*o - n. Suppose 2 = -3*g + o. Give s(g).
1
Let q(v) = -15*v + 9. Let p(r) = 19*r - 9. Let d(k) = -4*p(k) - 5*q(k). What is d(-5)?
-4
Suppose -72 + 72 = 11*m. Let h(p) = p**3 - p**2 + 4. Give h(m).
4
Let u(h) = 74 - 33*h**2 + 48*h**2 - 74. Give u(-1).
15
Let s(d) = -6*d - d + 299 + 302 - 602 - d**2. Calculate s(-6).
5
Let z(p) = -p**2 - 5*p. Let v(q) = 4*q + 10. Let a = -14 + 10. Let l be v(a). Give z(l).
-6
Suppose f - 4 = -0*f, -2*f = -4*x + 20. Let b = 6 - x. Let i(p) = 4*p**2 - 1. Give i(b).
3
Let d(t) = -t - 3. Let c be (-171)/(-33) - (-6)/(-33). Suppose -c*g + 2 + 8 = 0. Suppose -2*x + h = -0*x - 12, -g*x + 3*h = -12. What is d(x)?
-9
Let b(o) be the second derivative of o**4/12 + o**3 + o**2 - o. Let a(f) = -8*f - 2. Let s be a(-2). Suppose -3*z = 2*r - 3*r - 12, -z + s = -2*r. Give b(r).
2
Let l(o) be the first derivative of -o**3/3 - 3*o**2/2 - o - 121. What is l(-4)?
-5
Let d(x) = 4*x**3 - x**2. Let b be d(1). Suppose 0 = -f - b*f + 72. Suppose -3*a = 3*l + f, -l = a + a + 9. Let z(t) = -t - 7. Determine z(l).
-4
Let f be ((-18)/(-12))/((-1)/(-8)). Let l be (12 - f)*(-1 - 0). Let u(p) = p**3 + 8. Calculate u(l).
8
Suppose -b = 3*b - 24. Let c be 3 - 8*b/4. Let u = c + 4. Let x(d) = d**3 + 4*d**2 - 5*d + 3. Calculate x(u).
3
Let u(o) = -2688 + 2*o + 2*o**2 - o**2 + 2713 - 13*o. Give u(7).
-3
Suppose 4*l + l = -2*g + 27, -26 = -g - 5*l. Let q(x) = -4*x**2 + 6*x + 3. Let s(u) = -u**2. Let f(o) = g*q(o) - 3*s(o). Give f(4).
11
Let v(k) = k**3 - 7*k**2 + 6*k - 6. Let f be v(6). Let h be 15/(-21) - 2/7. Let a = f - h. Let l(y) = -y**2 - 4*y. Give l(a).
-5
Let f(y) = 9*y**2 + y. Suppose -3*a - 193 = 2*t - 2*a, 5*a - 5 = 0. Let w = t - -98. Calculate f(w).
10
Let o(q) = q**2 - 9*q - 9. Suppose -53*r + 54*r - 9 = 0. Determine o(r).
-9
Let q = -59 - -67. Let x(w) = -5*w + 3. Calculate x(q).
-37
Let h(p) be the second derivative of -p**4/12 - 5*p**3/6 + 19*p**2/2 + 362*p. Calculate h(-7).
5
Let n be ((-63)/42)/(2/4). Let c(s) = -5*s + 31 + 33 - 68. Calculate c(n).
11
Suppose 0 = 67*q - 47*q - 520. Let x(v) = v**3 - 25*v**2 - 27*v + 19. Determine x(q).
-7
Let x = -1703 + 1704. Let p(s) be the second derivative of s**5 - s**4/12 - s**3/6 + s**2/2 + 2*s. Calculate p(x).
19
Let h be (3/3)/(2/2). Let v(x) be the third derivative of 5*x**4/12 + 11*x**2. What is v(h)?
10
Let m(z) = -z**3 + 5*z**2 - 2*z + 4. Let k be 1 + 60 - 1/(-1). Suppose -2*g - 2*n - 3*n - k = 0, 0 = -2*g + 5*n - 42. Let y be g/(-5) + (-3)/15. What is m(y)?
-6
Suppose -2*d + 6 = d. Let a(p) = -2*p**2 + 2. Let x(v) = -25*v + 0 + 5 - 4*v**2 + 25*v. Let y(f) = -5*a(f) + 2*x(f). Give y(d).